- 3*m - 11. Let i be n(-2). Suppose 2*l + 30605 = 5*z - 0*l, 3*l = -3*z + i. Is z composite?
False
Suppose 5*k = 3*v + 65, -3*v - v + 4 = -k. Let o(w) = -455*w - k - 384*w + 16. Is o(-1) a prime number?
True
Let p(n) = -34 - 707*n + 151 + 731*n. Is p(19) a composite number?
True
Suppose -3*n + 2941 = 2*k, 3*k = 4*n - 3892 - 52. Is (-10)/(-5) + n*(-28)/(-4) prime?
True
Let y(f) = 13*f**2 + 40*f + 642. Is y(27) a composite number?
True
Let y = -764 + 1679. Let x = y + -212. Is x prime?
False
Let z be (495/44)/((-3)/(-8)). Suppose -3 = -j - 2*h, -4*h - 3 = -j - z. Let s = j - -26. Is s composite?
False
Let w(f) = -4*f**2 + 26*f + 16. Let j be w(13). Let a = j + -666. Let u = a - -1970. Is u prime?
False
Let x(w) = -10*w**3 - 2*w**2 - 17*w - 6. Let d(m) = -12*m**3 - m**2 - 17*m - 7. Let n(b) = -3*d(b) + 4*x(b). Is n(-9) a composite number?
True
Let v(d) = 70*d**2 - 79*d + 1313. Is v(14) composite?
True
Let p(a) = 41*a + 34. Let m be p(-2). Is (-109816)/m - (-5)/(-6) a prime number?
True
Suppose 0 = -4*d + 11*d + 70. Is (-5 - d) + (-11952)/(-2) a prime number?
True
Let i(h) = 3*h**2 + 3*h + 4. Let z be i(-3). Suppose z*l + 8 = 26*l. Suppose -2*a = l*a - c - 1948, 2*a = 5*c + 974. Is a a prime number?
True
Suppose 5*t - 9*t = 0. Suppose t = -a - 3*a + 8. Is (a/(-3))/((-9)/((-25245)/(-10))) composite?
True
Let r be (-2760)/(-660) - (4/(-22))/(-1). Suppose 4*s + 2 = -2*v, r*v + 3*s - 6 = -0. Suppose 5*j + 22 = -v, -3*g + 5356 = -5*j. Is g a prime number?
True
Let g(r) = -43*r - 376. Let l be g(-19). Let c(s) = 4*s**3 - 2*s**2 - s + 4. Let i be c(-4). Let j = i + l. Is j composite?
True
Let f = -3 - -10. Let l(g) = 6*g - g**2 - f*g + 15 + 11*g + 4*g**3 - 3*g**3. Is l(8) prime?
False
Is (-1988649)/(-8) + ((-891)/88 - -10) a composite number?
True
Let t(m) = 6*m + 48. Let i be t(-19). Let r = 60 + i. Is (7604/(-6))/(4/r) composite?
False
Suppose 0 = 2*x + 3*x + 15, -2*o - x + 1 = 0. Suppose 3*k = -5*f - 5, -f + o*k = -3*f + 2. Is (313 - (2 + -4)) + f a prime number?
True
Let z(f) be the first derivative of 315*f**2 - 18*f + 1. Let h be z(11). Suppose 9*c = h - 2871. Is c a prime number?
True
Suppose -b + 4*h + 44 = 40, 2*b - 4*h = 20. Let q(m) = -m**2 + 4. Let k be q(-4). Is 28116/b + 3/k a composite number?
True
Let u be (4950 - -9) + (-1 - 0 - 2). Suppose 4*k + 2*s = u, 0 = 3*k - 7*s + 11*s - 3707. Is k composite?
True
Suppose 0 = 2*q + 4*f + 340 + 12776, f + 26197 = -4*q. Let v = -3627 - q. Is v prime?
False
Let p be 1/(-4) + (0 - 823/4). Let g = -474 + p. Let y = g + 1179. Is y a composite number?
False
Suppose -j - 633857 = -3*w, -12*w - 2*j = -4*w - 1690276. Is w prime?
False
Suppose -8*j = -13 + 13. Suppose -2*o - 4*r + 94358 = 0, -5*o - r + 6*r + 235970 = j. Is o a composite number?
False
Let v = 11044 - -20091. Suppose 5*u = -g + 15578, 2*g + u = -2*u + v. Is g a composite number?
True
Let d be 13614*(2 - (-5)/(-3)). Suppose -10*n - 2*n + 36 = 0. Suppose n*x - 5800 = -2*g, -9955 = -5*g - 4*x + d. Is g a composite number?
False
Let q = 318 + -1179. Let a = q + 421. Let u = a - -1071. Is u prime?
True
Let w(v) = 26*v + 31. Let b = 23 + 3. Suppose -b - 7 = -3*l. Is w(l) a prime number?
True
Let c(b) = -3*b**3 - b**2 - 4*b - 5. Let k be c(-3). Let j = 99 + k. Suppose -20*x + 18*x + j = 0. Is x composite?
False
Is (-94191)/15*(3 + -8) composite?
False
Suppose 5*u = -7 - 3. Is -2 + 5 - -55309 - (u - -1) prime?
True
Suppose 27*i - 14*i = 416. Suppose 30755 + 14013 = i*o. Is o composite?
False
Let j = 68445 + 57862. Is j a prime number?
True
Let q be 3/(-6) + (-15)/(-2). Let c(k) = -100*k - 41. Let r(u) = -50*u - 21. Let b(w) = 2*c(w) - 5*r(w). Is b(q) a composite number?
False
Let o be 0 + 4 + (-1)/(-2)*0. Suppose -4*v = 20, -2*b = -5*b + o*v + 20525. Is b a prime number?
False
Is -7 + (-14 + 20 - (-381963 - (0 - 3))) a prime number?
False
Let z be 12/(-5)*(-3870)/4. Let v = -587 - -589. Suppose -2*y - 4*k + 9*k + z = 0, v*k + 4612 = 4*y. Is y prime?
True
Suppose 0 = -5*c - 5, 138*r - 142*r + 4*c = -6559256. Is r a prime number?
False
Suppose 237*n = 199*n + 1907066 + 995868. Is n a prime number?
False
Suppose 3*y - 2*y - 3*t + 7 = 0, -4*t + 14 = y. Suppose -m = -y*f - 21149, -m = -10*f + 5*f - 21164. Is m composite?
False
Let c = 12775 - 21653. Let w be 4 - (c + -5) - 1. Suppose 7*n - w = n. Is n composite?
False
Suppose -41 = -5*q - 21. Suppose -d + q*d = -d. Let u(w) = -w**2 + 3*w + 509. Is u(d) a prime number?
True
Let u(o) = -26*o + o**2 - 41 + 98 - 43. Is u(-19) a prime number?
False
Let o(p) = -p**3 + 57*p**2 + 78*p + 233. Is o(43) a prime number?
True
Let r be 4 - 1 - ((-12)/(-3) - 6). Suppose 4*u - 2*t - 1830 = 11264, -5*t = -r*u + 16355. Suppose 137 - 3403 = -p - 5*b, 5*b = p - u. Is p prime?
True
Let f(b) = 4*b**3 + 19*b**2 + 8*b + 34. Let x be f(-15). Let o = x - -19840. Is o composite?
False
Let b be -14*(39/6 - 3). Is (-891882)/(-21) + -1 - (-28)/b a prime number?
False
Let x(p) = -215*p - 792. Is x(-23) a composite number?
False
Let r(o) = 85762*o**2 + 238*o + 465. Is r(-2) prime?
True
Let k be 6/4*32/(-12). Let o = 100 + -97. Is k - (7782/(-2))/o prime?
False
Let n(c) = 163*c**2 + 355*c - 205. Is n(25) prime?
False
Let g(p) = -544*p - 216. Let b(y) = 273*y + 109. Let n(l) = 7*b(l) + 4*g(l). Is n(-22) composite?
True
Let s = -20416 + -139672. Is -1*6/(-4)*s/(-12) prime?
True
Is 2/6 + 7 + 132225/9 composite?
False
Is 129876 - (-26 - (-12 - 17) - (0 + 1)) a composite number?
True
Let k(y) = -y**3 + 12*y**2 + 2*y - 27. Let a be k(12). Let u(w) = 38*w**3 + 2*w**2 - w - 6. Let c be u(a). Let j = 1568 + c. Is j a composite number?
False
Is (-4049234 - 242)*2/(-8) composite?
False
Let v(f) = 14*f**2 - 25*f - 1. Let m(l) = -l**2 - l + 1. Let q(u) = 6*m(u) + v(u). Let j be q(10). Suppose -j = -7*y + 674. Is y prime?
True
Let d be (-2 - -3)/((-21)/(-9) + -2). Let l be 3940 + 0 - (3 + -3)/d. Suppose -5*i + 0*m + m + l = 0, -772 = -i - 3*m. Is i prime?
True
Suppose -b = -4*i + 5*i - 2, -4*b = i - 20. Suppose b*y - 11458 = -1318. Suppose -5*f + 855 = -y. Is f a composite number?
False
Let b = -548 + 587. Suppose 0 = 4*q - x - 18001, -3*x - 18011 = -b*q + 35*q. Is q prime?
False
Suppose -62*c + 74*c = 135408. Suppose 5*j - c = 7951. Is j prime?
True
Is (-31)/(-186) + (-1116922)/(-12) a prime number?
True
Is ((-3)/(-9))/(65/70017285) composite?
False
Let d = 21945 - 8566. Is d a composite number?
True
Let c(q) be the second derivative of 157*q**4/12 + q**3 + 33*q**2 - 196*q. Is c(-7) composite?
False
Suppose -7274 = 2*d + 4786. Let l = d + 11345. Let o = l - 3606. Is o composite?
False
Let m = -63 + 68. Suppose -m*q = -4*t - 66135, -39674 = 2*q - 5*q + t. Is q composite?
True
Let a be 4442/(-4)*(-1)/((-2)/(-4)). Suppose -7120 = t + 4*t. Let x = t + a. Is x a composite number?
False
Let w(c) = c**3 - 5*c**2 - 4*c - 10. Let z be w(6). Suppose 2*h + z = 6. Suppose 5*t = q + 519, -5*t + h*q + 523 = -0*t. Is t a prime number?
True
Let i = -13135 - -18948. Is i a composite number?
False
Let k be -9*(-6 - (-161 - 2)). Let s = 1986 + k. Is s a composite number?
True
Let g = -186 + 147. Is 527301/117 - 1*6/g a prime number?
True
Suppose -34*p - 25094714 = -77*p - 43*p. Is p prime?
False
Let l(s) = 5*s + 14. Let w be l(-4). Let z(n) = n**3 + 6*n**2 - 2*n - 8. Let u be z(w). Suppose 319 = a + 2*f - 730, 0 = u*f. Is a a prime number?
True
Let g = -840 - 13044. Let f = 24545 + g. Is f a prime number?
False
Let l(m) = 12*m**2 - 29*m + 26. Let u = 21 - 13. Is l(u) prime?
False
Let v(h) = 6 - 63 + 10 + 25*h**2 + 16 - 6*h. Is v(-12) composite?
True
Suppose -734370 = -8*g + 301078. Is g a prime number?
False
Suppose 0 = 4*g - 323 + 267. Suppose g*r - 6303 - 207799 = 0. Is r a composite number?
True
Let h be 117/18 + 6/(-4). Suppose h*j = 7034 + 1491. Suppose 0 = 2*m - j + 203. Is m prime?
True
Suppose 35575 = 7*r + 4*y, y - 6387 = -3*r + 8853. Is r prime?
True
Let s(y) = -14 - 114*y - 57 + 2 - 7*y. Is s(-8) prime?
False
Let v = 100 - 97. Suppose -s = l - 3393, -8*s + 3*s + 16933 = -v*l. Is s a prime number?
True
Suppose 0 = -2*q + 2*i + 284290, -q - 339*i = -341*i - 142139. Is q prime?
True
Let f(c) = -7*c - 26. Let z be f(-6). Is ((-778)/3)/(z/(-48)) prime?
False
Suppose -3*a + 4*n + 1775 = 0, 2*a = -2*a + n + 2345. Suppose -a - 1111 = -2*k - 4*g, -2*k + 3*g = -17